{"id":131,"date":"2023-02-14T12:38:37","date_gmt":"2023-02-14T11:38:37","guid":{"rendered":"https:\/\/bllmsjd.cluster027.hosting.ovh.net\/?page_id=131"},"modified":"2025-02-20T17:02:44","modified_gmt":"2025-02-20T16:02:44","slug":"lieux-de-repetition","status":"publish","type":"page","link":"https:\/\/www.cvso.fr\/?page_id=131","title":{"rendered":"Lieux de r\u00e9p\u00e9tition:"},"content":{"rendered":"<p>Nous avons chaque semaine deux lieux de r\u00e9p\u00e9tition possible, un de chaque c\u00f4t\u00e9 du Rhin.<\/p>\n<div class=\"kno-ecr-pt kno-fb-ctx hNKfZe\" data-dtype=\"d3ifr\" data-local-attribute=\"d3bn\" data-ved=\"2ahUKEwjry8r-6rDdAhVDqIsKHU-RAOoQ3B0oADALegQIChAO\">\n<h2 lang=\"fr\"><em>En France: <\/em><\/h2>\n<h4 id=\"firstHeading\" class=\"firstHeading\" lang=\"fr\">\u00c9glise protestante de la Meinau<strong><br \/>\n<span class=\"LrzXr\">45 Avenue Christian Pfister, 67100 Strasbourg<br \/>\n<\/span><\/strong><\/h4>\n<p><span style=\"font-size: 1.0625rem;\"><strong>Chaque Mardi de 20h \u00e0 21h30.<\/strong><br \/>\n<\/span><\/p>\n<\/div>\n<p><strong><iframe loading=\"lazy\" style=\"border: 0;\" src=\"https:\/\/www.google.com\/maps\/embed?pb=!1m14!1m8!1m3!1d10563.841779838061!2d7.7480552!3d48.5531509!3m2!1i1024!2i768!4f13.1!3m3!1m2!1s0x4796c97603d4350f%3A0xa54e4e2d6e1d333b!2s45%20Av.%20Christian%20Pfister%2C%2067100%20Strasbourg!5e0!3m2!1sfr!2sfr!4v1697664500891!5m2!1sfr!2sfr\" width=\"500\" height=\"400\" allowfullscreen=\"allowfullscreen\"><span style=\"display: inline-block; width: 0px; overflow: hidden; line-height: 0;\" data-mce-type=\"bookmark\" class=\"mce_SELRES_start\">\ufeff<\/span><span style=\"display: inline-block; width: 0px; overflow: hidden; line-height: 0;\" data-mce-type=\"bookmark\" class=\"mce_SELRES_start\">\ufeff<\/span><span style=\"display: inline-block; width: 0px; overflow: hidden; line-height: 0;\" data-mce-type=\"bookmark\" class=\"mce_SELRES_start\">\ufeff<\/span><\/iframe><\/strong><\/p>\n<h2><em>En Allemagne:<\/em><\/h2>\n<p><strong>Illenau-Werkst\u00e4tten e.V. , Illenauer Allee 54<br \/>\n<\/strong>77855 Achern<br \/>\n<strong>Tous les mercredis de 20h \u00e0 21h30.<br \/>\n<\/strong><\/p>\n<p><strong><br \/>\n<iframe loading=\"lazy\" style=\"border: 0;\" src=\"https:\/\/www.google.com\/maps\/embed?pb=!1m18!1m12!1m3!1d2637.1678492158408!2d8.080187274428821!3d48.62577001705134!2m3!1f0!2f0!3f0!3m2!1i1024!2i768!4f13.1!3m3!1m2!1s0x417232a1d5cae087%3A0x8a2fb767e3e9e080!2sIllenau-Werkst%C3%A4tten%20e.%20V.!5e0!3m2!1sfr!2sfr!4v1740041592136!5m2!1sfr!2sfr\" width=\"500\" height=\"450\" allowfullscreen=\"allowfullscreen\"><span style=\"display: inline-block; width: 0px; overflow: hidden; line-height: 0;\" data-mce-type=\"bookmark\" class=\"mce_SELRES_start\">\ufeff<\/span><span style=\"display: inline-block; width: 0px; overflow: hidden; line-height: 0;\" data-mce-type=\"bookmark\" class=\"mce_SELRES_start\">\ufeff<\/span><\/iframe><br \/>\n<\/strong><\/p>\n","protected":false},"excerpt":{"rendered":"<p>Nous avons chaque semaine deux lieux de r\u00e9p\u00e9tition possible, un de chaque c\u00f4t\u00e9 du Rhin. En France: \u00c9glise protestante de la Meinau 45 Avenue Christian Pfister, 67100 Strasbourg Chaque Mardi de 20h \u00e0 21h30. \ufeff\ufeff\ufeff En Allemagne: Illenau-Werkst\u00e4tten e.V. , Illenauer Allee 54 77855 Achern Tous les mercredis de 20h<\/p>\n","protected":false},"author":1,"featured_media":0,"parent":146,"menu_order":0,"comment_status":"closed","ping_status":"closed","template":"","meta":{"footnotes":""},"class_list":["post-131","page","type-page","status-publish","hentry"],"yoast_head":"<!-- This site is optimized with the Yoast SEO plugin v27.2 - https:\/\/yoast.com\/product\/yoast-seo-wordpress\/ -->\n<title>Lieux de r\u00e9p\u00e9tition: - Collegium Vocale Strasbourg Ortenau<\/title>\n<meta name=\"robots\" content=\"index, follow, max-snippet:-1, max-image-preview:large, max-video-preview:-1\" \/>\n<link rel=\"canonical\" href=\"https:\/\/www.cvso.fr\/?page_id=131\" \/>\n<meta property=\"og:locale\" content=\"fr_FR\" \/>\n<meta property=\"og:type\" content=\"article\" \/>\n<meta property=\"og:title\" content=\"Lieux de r\u00e9p\u00e9tition: - Collegium Vocale Strasbourg Ortenau\" \/>\n<meta property=\"og:description\" content=\"Nous avons chaque semaine deux lieux de r\u00e9p\u00e9tition possible, un de chaque c\u00f4t\u00e9 du Rhin. En France: \u00c9glise protestante de la Meinau 45 Avenue Christian Pfister, 67100 Strasbourg Chaque Mardi de 20h \u00e0 21h30. \ufeff\ufeff\ufeff En Allemagne: Illenau-Werkst\u00e4tten e.V. , Illenauer Allee 54 77855 Achern Tous les mercredis de 20h\" \/>\n<meta property=\"og:url\" content=\"https:\/\/www.cvso.fr\/?page_id=131\" \/>\n<meta property=\"og:site_name\" content=\"Collegium Vocale Strasbourg Ortenau\" \/>\n<meta property=\"article:modified_time\" content=\"2025-02-20T16:02:44+00:00\" \/>\n<meta name=\"twitter:card\" content=\"summary_large_image\" \/>\n<meta name=\"twitter:label1\" content=\"Dur\u00e9e de lecture estim\u00e9e\" \/>\n\t<meta name=\"twitter:data1\" content=\"1 minute\" \/>\n<script type=\"application\/ld+json\" class=\"yoast-schema-graph\">{\"@context\":\"https:\/\/schema.org\",\"@graph\":[{\"@type\":\"WebPage\",\"@id\":\"https:\/\/www.cvso.fr\/?page_id=131\",\"url\":\"https:\/\/www.cvso.fr\/?page_id=131\",\"name\":\"Lieux de r\u00e9p\u00e9tition: - Collegium Vocale Strasbourg Ortenau\",\"isPartOf\":{\"@id\":\"https:\/\/www.cvso.fr\/#website\"},\"datePublished\":\"2023-02-14T11:38:37+00:00\",\"dateModified\":\"2025-02-20T16:02:44+00:00\",\"breadcrumb\":{\"@id\":\"https:\/\/www.cvso.fr\/?page_id=131#breadcrumb\"},\"inLanguage\":\"fr-FR\",\"potentialAction\":[{\"@type\":\"ReadAction\",\"target\":[\"https:\/\/www.cvso.fr\/?page_id=131\"]}]},{\"@type\":\"BreadcrumbList\",\"@id\":\"https:\/\/www.cvso.fr\/?page_id=131#breadcrumb\",\"itemListElement\":[{\"@type\":\"ListItem\",\"position\":1,\"name\":\"Accueil\",\"item\":\"https:\/\/www.cvso.fr\/\"},{\"@type\":\"ListItem\",\"position\":2,\"name\":\"Nous rejoindre\",\"item\":\"https:\/\/www.cvso.fr\/?page_id=146\"},{\"@type\":\"ListItem\",\"position\":3,\"name\":\"Lieux de r\u00e9p\u00e9tition:\"}]},{\"@type\":\"WebSite\",\"@id\":\"https:\/\/www.cvso.fr\/#website\",\"url\":\"https:\/\/www.cvso.fr\/\",\"name\":\"Collegium Vocale Strasbourg Ortenau\",\"description\":\"En avant la musique!\",\"potentialAction\":[{\"@type\":\"SearchAction\",\"target\":{\"@type\":\"EntryPoint\",\"urlTemplate\":\"https:\/\/www.cvso.fr\/?s={search_term_string}\"},\"query-input\":{\"@type\":\"PropertyValueSpecification\",\"valueRequired\":true,\"valueName\":\"search_term_string\"}}],\"inLanguage\":\"fr-FR\"}]}<\/script>\n<!-- \/ Yoast SEO plugin. -->","yoast_head_json":{"title":"Lieux de r\u00e9p\u00e9tition: - Collegium Vocale Strasbourg Ortenau","robots":{"index":"index","follow":"follow","max-snippet":"max-snippet:-1","max-image-preview":"max-image-preview:large","max-video-preview":"max-video-preview:-1"},"canonical":"https:\/\/www.cvso.fr\/?page_id=131","og_locale":"fr_FR","og_type":"article","og_title":"Lieux de r\u00e9p\u00e9tition: - Collegium Vocale Strasbourg Ortenau","og_description":"Nous avons chaque semaine deux lieux de r\u00e9p\u00e9tition possible, un de chaque c\u00f4t\u00e9 du Rhin. En France: \u00c9glise protestante de la Meinau 45 Avenue Christian Pfister, 67100 Strasbourg Chaque Mardi de 20h \u00e0 21h30. \ufeff\ufeff\ufeff En Allemagne: Illenau-Werkst\u00e4tten e.V. , Illenauer Allee 54 77855 Achern Tous les mercredis de 20h","og_url":"https:\/\/www.cvso.fr\/?page_id=131","og_site_name":"Collegium Vocale Strasbourg Ortenau","article_modified_time":"2025-02-20T16:02:44+00:00","twitter_card":"summary_large_image","twitter_misc":{"Dur\u00e9e de lecture estim\u00e9e":"1 minute"},"schema":{"@context":"https:\/\/schema.org","@graph":[{"@type":"WebPage","@id":"https:\/\/www.cvso.fr\/?page_id=131","url":"https:\/\/www.cvso.fr\/?page_id=131","name":"Lieux de r\u00e9p\u00e9tition: - Collegium Vocale Strasbourg Ortenau","isPartOf":{"@id":"https:\/\/www.cvso.fr\/#website"},"datePublished":"2023-02-14T11:38:37+00:00","dateModified":"2025-02-20T16:02:44+00:00","breadcrumb":{"@id":"https:\/\/www.cvso.fr\/?page_id=131#breadcrumb"},"inLanguage":"fr-FR","potentialAction":[{"@type":"ReadAction","target":["https:\/\/www.cvso.fr\/?page_id=131"]}]},{"@type":"BreadcrumbList","@id":"https:\/\/www.cvso.fr\/?page_id=131#breadcrumb","itemListElement":[{"@type":"ListItem","position":1,"name":"Accueil","item":"https:\/\/www.cvso.fr\/"},{"@type":"ListItem","position":2,"name":"Nous rejoindre","item":"https:\/\/www.cvso.fr\/?page_id=146"},{"@type":"ListItem","position":3,"name":"Lieux de r\u00e9p\u00e9tition:"}]},{"@type":"WebSite","@id":"https:\/\/www.cvso.fr\/#website","url":"https:\/\/www.cvso.fr\/","name":"Collegium Vocale Strasbourg Ortenau","description":"En avant la musique!","potentialAction":[{"@type":"SearchAction","target":{"@type":"EntryPoint","urlTemplate":"https:\/\/www.cvso.fr\/?s={search_term_string}"},"query-input":{"@type":"PropertyValueSpecification","valueRequired":true,"valueName":"search_term_string"}}],"inLanguage":"fr-FR"}]}},"_links":{"self":[{"href":"https:\/\/www.cvso.fr\/index.php?rest_route=\/wp\/v2\/pages\/131","targetHints":{"allow":["GET"]}}],"collection":[{"href":"https:\/\/www.cvso.fr\/index.php?rest_route=\/wp\/v2\/pages"}],"about":[{"href":"https:\/\/www.cvso.fr\/index.php?rest_route=\/wp\/v2\/types\/page"}],"author":[{"embeddable":true,"href":"https:\/\/www.cvso.fr\/index.php?rest_route=\/wp\/v2\/users\/1"}],"replies":[{"embeddable":true,"href":"https:\/\/www.cvso.fr\/index.php?rest_route=%2Fwp%2Fv2%2Fcomments&post=131"}],"version-history":[{"count":9,"href":"https:\/\/www.cvso.fr\/index.php?rest_route=\/wp\/v2\/pages\/131\/revisions"}],"predecessor-version":[{"id":891,"href":"https:\/\/www.cvso.fr\/index.php?rest_route=\/wp\/v2\/pages\/131\/revisions\/891"}],"up":[{"embeddable":true,"href":"https:\/\/www.cvso.fr\/index.php?rest_route=\/wp\/v2\/pages\/146"}],"wp:attachment":[{"href":"https:\/\/www.cvso.fr\/index.php?rest_route=%2Fwp%2Fv2%2Fmedia&parent=131"}],"curies":[{"name":"wp","href":"https:\/\/api.w.org\/{rel}","templated":true}]}}

Lieux de répétition:

<p>Nous avons chaque semaine deux lieux de répétition possible, un de chaque côté du Rhin.</p>
<div class="kno-ecr-pt kno-fb-ctx hNKfZe" data-dtype="d3ifr" data-local-attribute="d3bn" data-ved="2ahUKEwjry8r-6rDdAhVDqIsKHU-RAOoQ3B0oADALegQIChAO">
<h2 lang="fr"><em>En France: </em></h2>
<h4 id="firstHeading" class="firstHeading" lang="fr">Église protestante de la Meinau<strong><br />
<span class="LrzXr">45 Avenue Christian Pfister, 67100 Strasbourg<br />
</span></strong></h4>
<p><span style="font-size: 1.0625rem;"><strong>Chaque Mardi de 20h à 21h30.</strong><br />
</span></p>
</div>
<p><strong><iframe loading="lazy" style="border: 0;" src="https://www.google.com/maps/embed?pb=!1m14!1m8!1m3!1d10563.841779838061!2d7.7480552!3d48.5531509!3m2!1i1024!2i768!4f13.1!3m3!1m2!1s0x4796c97603d4350f%3A0xa54e4e2d6e1d333b!2s45%20Av.%20Christian%20Pfister%2C%2067100%20Strasbourg!5e0!3m2!1sfr!2sfr!4v1697664500891!5m2!1sfr!2sfr" width="500" height="400" allowfullscreen="allowfullscreen"><span style="display: inline-block; width: 0px; overflow: hidden; line-height: 0;" data-mce-type="bookmark" class="mce_SELRES_start">﻿</span><span style="display: inline-block; width: 0px; overflow: hidden; line-height: 0;" data-mce-type="bookmark" class="mce_SELRES_start">﻿</span><span style="display: inline-block; width: 0px; overflow: hidden; line-height: 0;" data-mce-type="bookmark" class="mce_SELRES_start">﻿</span></iframe></strong></p>
<h2><em>En Allemagne:</em></h2>
<p><strong>Illenau-Werkstätten e.V. , Illenauer Allee 54<br />
</strong>77855 Achern<br />
<strong>Tous les mercredis de 20h à 21h30.<br />
</strong></p>
<p><strong><br />
<iframe loading="lazy" style="border: 0;" src="https://www.google.com/maps/embed?pb=!1m18!1m12!1m3!1d2637.1678492158408!2d8.080187274428821!3d48.62577001705134!2m3!1f0!2f0!3f0!3m2!1i1024!2i768!4f13.1!3m3!1m2!1s0x417232a1d5cae087%3A0x8a2fb767e3e9e080!2sIllenau-Werkst%C3%A4tten%20e.%20V.!5e0!3m2!1sfr!2sfr!4v1740041592136!5m2!1sfr!2sfr" width="500" height="450" allowfullscreen="allowfullscreen"><span style="display: inline-block; width: 0px; overflow: hidden; line-height: 0;" data-mce-type="bookmark" class="mce_SELRES_start">﻿</span><span style="display: inline-block; width: 0px; overflow: hidden; line-height: 0;" data-mce-type="bookmark" class="mce_SELRES_start">﻿</span></iframe><br />
</strong></p>

<p>Nous avons chaque semaine deux lieux de répétition possible, un de chaque côté du Rhin. En France: Église protestante de la Meinau 45 Avenue Christian Pfister, 67100 Strasbourg Chaque Mardi de 20h à 21h30. ﻿﻿﻿ En Allemagne: Illenau-Werkstätten e.V. , Illenauer Allee 54 77855 Achern Tous les mercredis de 20h</p>

<!-- This site is optimized with the Yoast SEO plugin v27.2 - https://yoast.com/product/yoast-seo-wordpress/ -->
<title>Lieux de répétition: - Collegium Vocale Strasbourg Ortenau</title>
<meta name="robots" content="index, follow, max-snippet:-1, max-image-preview:large, max-video-preview:-1" />
<link rel="canonical" href="https://www.cvso.fr/?page_id=131" />
<meta property="og:locale" content="fr_FR" />
<meta property="og:type" content="article" />
<meta property="og:title" content="Lieux de répétition: - Collegium Vocale Strasbourg Ortenau" />
<meta property="og:description" content="Nous avons chaque semaine deux lieux de répétition possible, un de chaque côté du Rhin. En France: Église protestante de la Meinau 45 Avenue Christian Pfister, 67100 Strasbourg Chaque Mardi de 20h à 21h30. ﻿﻿﻿ En Allemagne: Illenau-Werkstätten e.V. , Illenauer Allee 54 77855 Achern Tous les mercredis de 20h" />
<meta property="og:url" content="https://www.cvso.fr/?page_id=131" />
<meta property="og:site_name" content="Collegium Vocale Strasbourg Ortenau" />
<meta property="article:modified_time" content="2025-02-20T16:02:44+00:00" />
<meta name="twitter:card" content="summary_large_image" />
<meta name="twitter:label1" content="Durée de lecture estimée" />
	<meta name="twitter:data1" content="1 minute" />
<script type="application/ld+json" class="yoast-schema-graph">{"@context":"https://schema.org","@graph":[{"@type":"WebPage","@id":"https://www.cvso.fr/?page_id=131","url":"https://www.cvso.fr/?page_id=131","name":"Lieux de répétition: - Collegium Vocale Strasbourg Ortenau","isPartOf":{"@id":"https://www.cvso.fr/#website"},"datePublished":"2023-02-14T11:38:37+00:00","dateModified":"2025-02-20T16:02:44+00:00","breadcrumb":{"@id":"https://www.cvso.fr/?page_id=131#breadcrumb"},"inLanguage":"fr-FR","potentialAction":[{"@type":"ReadAction","target":["https://www.cvso.fr/?page_id=131"]}]},{"@type":"BreadcrumbList","@id":"https://www.cvso.fr/?page_id=131#breadcrumb","itemListElement":[{"@type":"ListItem","position":1,"name":"Accueil","item":"https://www.cvso.fr/"},{"@type":"ListItem","position":2,"name":"Nous rejoindre","item":"https://www.cvso.fr/?page_id=146"},{"@type":"ListItem","position":3,"name":"Lieux de répétition:"}]},{"@type":"WebSite","@id":"https://www.cvso.fr/#website","url":"https://www.cvso.fr/","name":"Collegium Vocale Strasbourg Ortenau","description":"En avant la musique!","potentialAction":[{"@type":"SearchAction","target":{"@type":"EntryPoint","urlTemplate":"https://www.cvso.fr/?s={search_term_string}"},"query-input":{"@type":"PropertyValueSpecification","valueRequired":true,"valueName":"search_term_string"}}],"inLanguage":"fr-FR"}]}</script>
<!-- / Yoast SEO plugin. -->

Lieux de répétition: - Collegium Vocale Strasbourg Ortenau

Nous avons chaque semaine deux lieux de répétition possible, un de chaque côté du Rhin. En France: Église protestante de la Meinau 45 Avenue Christian Pfister, 67100 Strasbourg Chaque Mardi de 20h à 21h30. ﻿﻿﻿ En Allemagne: Illenau-Werkstätten e.V. , Illenauer Allee 54 77855 Achern Tous les mercredis de 20h
