{"id":825,"date":"2024-12-04T12:45:47","date_gmt":"2024-12-04T11:45:47","guid":{"rendered":"https:\/\/www.cvso.fr\/?page_id=825"},"modified":"2024-12-04T13:23:53","modified_gmt":"2024-12-04T12:23:53","slug":"novembre-2024-pour-les-200-ans-danton-bruckner","status":"publish","type":"page","link":"https:\/\/www.cvso.fr\/?page_id=825","title":{"rendered":"Novembre 2024 : pour les 200 ans d&rsquo;Anton Bruckner"},"content":{"rendered":"<h3>16 et 17 Novembre 2024:<br \/>\n<strong> Concert Anton Bruckner: Te Deum et Messe en Fa mineur <\/strong><br \/>\n<img loading=\"lazy\" decoding=\"async\" class=\"alignnone wp-image-640\" src=\"https:\/\/www.cvso.fr\/wp-content\/uploads\/2024\/10\/Concert-Bruckner-Dimanche-17-novembre-2024-17-h_Strbg.jpg\" alt=\"\" width=\"823\" height=\"1159\" \/><\/h3>\n<h4>Anton BRUCKNER aurait eu 200 ans.<\/h4>\n<p>Oeuvres au programme:<br \/>\nTe Deum (WAB 45) et Messe en fa mineur ( WAB 28)<br \/>\nEx\u00e9cutants:<br \/>\n3 Ch\u0153urs: Ensemble Koinonia Wien \/ Singakademie Ortenau \/ Collegium Vocale Strasbourg Ortenau ,<br \/>\nSolistes: Martina R\u00fcping (s); Hanna Roos (a); Jean No\u00ebl Briend (t); Clemens Morgenthaler (b).<br \/>\nOrchestre des Musiciens sans Fronti\u00e8res Alsace Ortenau<br \/>\nDirection: Olaf F\u00fctterer.<\/p>\n<p>La premi\u00e8re ex\u00e9cution du Te Deum de Bruckner eut lieu en 1886. Bruckner qualifiait son Te Deum de \u2019\u2019fiert\u00e9 de sa vie\u2019\u2019 : \u00ab Si le bon Dieu me convoque un jour et me demande : \u201cO\u00f9 as-tu mis les talents que je t&rsquo;ai donn\u00e9s ?\u201d, je lui tendrai le rouleau de partitions avec mon Te Deum, et il sera pour moi un juge mis\u00e9ricordieux \u00bb. Cette \u0153uvre est l&rsquo;une des plus importantes \u0153uvres chorales de son \u00e9poque et est consid\u00e9r\u00e9e comme l&rsquo;un des sommets de la cr\u00e9ation artistique du compositeur.<\/p>\n<p>Comme le Te Deum, la grande messe en fa mineur d\u2019Anton Bruckner est l&rsquo;une des \u0153uvres les plus importantes du compositeur et de la musique chorale du XIX\u00b0 si\u00e8cle. La premi\u00e8re repr\u00e9sentation se tint en1868.<\/p>\n<p>Pour interpr\u00e9ter cette \u0153uvre, l&rsquo;ensemble Vox Rheni, compos\u00e9 du Collegium Vocale Strasbourg Ortenau et de la Singakademie Ortenau a invit\u00e9 un ch\u0153ur autrichien, l&rsquo;Ensemble Koinonia de Vienne en Autriche pour les deux concerts:<br \/>\n<strong>Samedi 16 Novembre 2024, 19 heures, \u00e0 Sasbach-Erlenbad (Allemagne)<\/strong><br \/>\n<strong>Dimanche 17 novembre 2024 \u00e0 17h, Eglise Saint Pierre Catholique de Strasbourg<br \/>\n<\/strong><\/p>\n<p style=\"text-align: center;\"><img loading=\"lazy\" decoding=\"async\" class=\"alignnone wp-image-640\" src=\"https:\/\/www.cvso.fr\/wp-content\/uploads\/2024\/12\/Bruckner-a-St-Pierre-raccord-avant-le-concert-17_11_2024-scaled.jpg\" alt=\"\" width=\"823\" height=\"1159\" \/><br \/>\nRaccord avant le concert \u00e0 Saint Pierre le Jeune.<\/p>\n<p style=\"text-align: center;\"><img loading=\"lazy\" decoding=\"async\" class=\"alignnone wp-image-640\" src=\"https:\/\/www.cvso.fr\/wp-content\/uploads\/2024\/12\/La-rencontre-des-chefs-de-choeur_17_11_2024.jpg\" alt=\"\" width=\"823\" height=\"1159\" \/><br \/>\nLa rencontre des chefs de choeur.<\/p>\n<p>Liens youtube pour des extraits vid\u00e9os du concert d&rsquo;Erlenbad:<br \/>\n&#8211; <a href=\"https:\/\/www.youtube.com\/watch?v=3Txuw-AOLkE\" rel=\"noopener\" target=\"_blank\">Messe en Fa: sanctus, benedictus, agnus dei.<\/a><br \/>\n&#8211; <a href=\"https:\/\/www.youtube.com\/watch?v=JElK3h2yquQ\" rel=\"noopener\" target=\"_blank\">Te Deum.<\/a><\/p>\n","protected":false},"excerpt":{"rendered":"<p>16 et 17 Novembre 2024: Concert Anton Bruckner: Te Deum et Messe en Fa mineur Anton BRUCKNER aurait eu 200 ans. Oeuvres au programme: Te Deum (WAB 45) et Messe en fa mineur ( WAB 28) Ex\u00e9cutants: 3 Ch\u0153urs: Ensemble Koinonia Wien \/ Singakademie Ortenau \/ Collegium Vocale Strasbourg Ortenau<\/p>\n","protected":false},"author":1,"featured_media":0,"parent":0,"menu_order":0,"comment_status":"closed","ping_status":"closed","template":"","meta":{"footnotes":""},"class_list":["post-825","page","type-page","status-publish","hentry"],"yoast_head":"<!-- This site is optimized with the Yoast SEO plugin v27.2 - https:\/\/yoast.com\/product\/yoast-seo-wordpress\/ -->\n<title>Novembre 2024 : pour les 200 ans d&#039;Anton Bruckner - Collegium Vocale Strasbourg Ortenau<\/title>\n<meta name=\"robots\" content=\"index, follow, max-snippet:-1, max-image-preview:large, max-video-preview:-1\" \/>\n<link rel=\"canonical\" href=\"https:\/\/www.cvso.fr\/?page_id=825\" \/>\n<meta property=\"og:locale\" content=\"fr_FR\" \/>\n<meta property=\"og:type\" content=\"article\" \/>\n<meta property=\"og:title\" content=\"Novembre 2024 : pour les 200 ans d&#039;Anton Bruckner - Collegium Vocale Strasbourg Ortenau\" \/>\n<meta property=\"og:description\" content=\"16 et 17 Novembre 2024: Concert Anton Bruckner: Te Deum et Messe en Fa mineur Anton BRUCKNER aurait eu 200 ans. Oeuvres au programme: Te Deum (WAB 45) et Messe en fa mineur ( WAB 28) Ex\u00e9cutants: 3 Ch\u0153urs: Ensemble Koinonia Wien \/ Singakademie Ortenau \/ Collegium Vocale Strasbourg Ortenau\" \/>\n<meta property=\"og:url\" content=\"https:\/\/www.cvso.fr\/?page_id=825\" \/>\n<meta property=\"og:site_name\" content=\"Collegium Vocale Strasbourg Ortenau\" \/>\n<meta property=\"article:modified_time\" content=\"2024-12-04T12:23:53+00:00\" \/>\n<meta property=\"og:image\" content=\"https:\/\/www.cvso.fr\/wp-content\/uploads\/2024\/10\/Concert-Bruckner-Dimanche-17-novembre-2024-17-h_Strbg.jpg\" \/>\n<meta name=\"twitter:card\" content=\"summary_large_image\" \/>\n<meta name=\"twitter:label1\" content=\"Dur\u00e9e de lecture estim\u00e9e\" \/>\n\t<meta name=\"twitter:data1\" content=\"2 minutes\" \/>\n<script type=\"application\/ld+json\" class=\"yoast-schema-graph\">{\"@context\":\"https:\/\/schema.org\",\"@graph\":[{\"@type\":\"WebPage\",\"@id\":\"https:\/\/www.cvso.fr\/?page_id=825\",\"url\":\"https:\/\/www.cvso.fr\/?page_id=825\",\"name\":\"Novembre 2024 : pour les 200 ans d'Anton Bruckner - Collegium Vocale Strasbourg Ortenau\",\"isPartOf\":{\"@id\":\"https:\/\/www.cvso.fr\/#website\"},\"primaryImageOfPage\":{\"@id\":\"https:\/\/www.cvso.fr\/?page_id=825#primaryimage\"},\"image\":{\"@id\":\"https:\/\/www.cvso.fr\/?page_id=825#primaryimage\"},\"thumbnailUrl\":\"https:\/\/www.cvso.fr\/wp-content\/uploads\/2024\/10\/Concert-Bruckner-Dimanche-17-novembre-2024-17-h_Strbg.jpg\",\"datePublished\":\"2024-12-04T11:45:47+00:00\",\"dateModified\":\"2024-12-04T12:23:53+00:00\",\"breadcrumb\":{\"@id\":\"https:\/\/www.cvso.fr\/?page_id=825#breadcrumb\"},\"inLanguage\":\"fr-FR\",\"potentialAction\":[{\"@type\":\"ReadAction\",\"target\":[\"https:\/\/www.cvso.fr\/?page_id=825\"]}]},{\"@type\":\"ImageObject\",\"inLanguage\":\"fr-FR\",\"@id\":\"https:\/\/www.cvso.fr\/?page_id=825#primaryimage\",\"url\":\"https:\/\/www.cvso.fr\/wp-content\/uploads\/2023\/10\/Concert-Samedi-16-decembre-20-heures-Oratorio-de-Noel.jpg\",\"contentUrl\":\"https:\/\/www.cvso.fr\/wp-content\/uploads\/2023\/10\/Concert-Samedi-16-decembre-20-heures-Oratorio-de-Noel.jpg\",\"width\":853,\"height\":1201},{\"@type\":\"BreadcrumbList\",\"@id\":\"https:\/\/www.cvso.fr\/?page_id=825#breadcrumb\",\"itemListElement\":[{\"@type\":\"ListItem\",\"position\":1,\"name\":\"Accueil\",\"item\":\"https:\/\/www.cvso.fr\/\"},{\"@type\":\"ListItem\",\"position\":2,\"name\":\"Novembre 2024 : pour les 200 ans d&rsquo;Anton Bruckner\"}]},{\"@type\":\"WebSite\",\"@id\":\"https:\/\/www.cvso.fr\/#website\",\"url\":\"https:\/\/www.cvso.fr\/\",\"name\":\"Collegium Vocale Strasbourg Ortenau\",\"description\":\"En avant la musique!\",\"potentialAction\":[{\"@type\":\"SearchAction\",\"target\":{\"@type\":\"EntryPoint\",\"urlTemplate\":\"https:\/\/www.cvso.fr\/?s={search_term_string}\"},\"query-input\":{\"@type\":\"PropertyValueSpecification\",\"valueRequired\":true,\"valueName\":\"search_term_string\"}}],\"inLanguage\":\"fr-FR\"}]}<\/script>\n<!-- \/ Yoast SEO plugin. -->","yoast_head_json":{"title":"Novembre 2024 : pour les 200 ans d'Anton Bruckner - Collegium Vocale Strasbourg Ortenau","robots":{"index":"index","follow":"follow","max-snippet":"max-snippet:-1","max-image-preview":"max-image-preview:large","max-video-preview":"max-video-preview:-1"},"canonical":"https:\/\/www.cvso.fr\/?page_id=825","og_locale":"fr_FR","og_type":"article","og_title":"Novembre 2024 : pour les 200 ans d'Anton Bruckner - Collegium Vocale Strasbourg Ortenau","og_description":"16 et 17 Novembre 2024: Concert Anton Bruckner: Te Deum et Messe en Fa mineur Anton BRUCKNER aurait eu 200 ans. Oeuvres au programme: Te Deum (WAB 45) et Messe en fa mineur ( WAB 28) Ex\u00e9cutants: 3 Ch\u0153urs: Ensemble Koinonia Wien \/ Singakademie Ortenau \/ Collegium Vocale Strasbourg Ortenau","og_url":"https:\/\/www.cvso.fr\/?page_id=825","og_site_name":"Collegium Vocale Strasbourg Ortenau","article_modified_time":"2024-12-04T12:23:53+00:00","og_image":[{"url":"https:\/\/www.cvso.fr\/wp-content\/uploads\/2024\/10\/Concert-Bruckner-Dimanche-17-novembre-2024-17-h_Strbg.jpg","type":"","width":"","height":""}],"twitter_card":"summary_large_image","twitter_misc":{"Dur\u00e9e de lecture estim\u00e9e":"2 minutes"},"schema":{"@context":"https:\/\/schema.org","@graph":[{"@type":"WebPage","@id":"https:\/\/www.cvso.fr\/?page_id=825","url":"https:\/\/www.cvso.fr\/?page_id=825","name":"Novembre 2024 : pour les 200 ans d'Anton Bruckner - Collegium Vocale Strasbourg Ortenau","isPartOf":{"@id":"https:\/\/www.cvso.fr\/#website"},"primaryImageOfPage":{"@id":"https:\/\/www.cvso.fr\/?page_id=825#primaryimage"},"image":{"@id":"https:\/\/www.cvso.fr\/?page_id=825#primaryimage"},"thumbnailUrl":"https:\/\/www.cvso.fr\/wp-content\/uploads\/2024\/10\/Concert-Bruckner-Dimanche-17-novembre-2024-17-h_Strbg.jpg","datePublished":"2024-12-04T11:45:47+00:00","dateModified":"2024-12-04T12:23:53+00:00","breadcrumb":{"@id":"https:\/\/www.cvso.fr\/?page_id=825#breadcrumb"},"inLanguage":"fr-FR","potentialAction":[{"@type":"ReadAction","target":["https:\/\/www.cvso.fr\/?page_id=825"]}]},{"@type":"ImageObject","inLanguage":"fr-FR","@id":"https:\/\/www.cvso.fr\/?page_id=825#primaryimage","url":"https:\/\/www.cvso.fr\/wp-content\/uploads\/2023\/10\/Concert-Samedi-16-decembre-20-heures-Oratorio-de-Noel.jpg","contentUrl":"https:\/\/www.cvso.fr\/wp-content\/uploads\/2023\/10\/Concert-Samedi-16-decembre-20-heures-Oratorio-de-Noel.jpg","width":853,"height":1201},{"@type":"BreadcrumbList","@id":"https:\/\/www.cvso.fr\/?page_id=825#breadcrumb","itemListElement":[{"@type":"ListItem","position":1,"name":"Accueil","item":"https:\/\/www.cvso.fr\/"},{"@type":"ListItem","position":2,"name":"Novembre 2024 : pour les 200 ans d&rsquo;Anton Bruckner"}]},{"@type":"WebSite","@id":"https:\/\/www.cvso.fr\/#website","url":"https:\/\/www.cvso.fr\/","name":"Collegium Vocale Strasbourg Ortenau","description":"En avant la musique!","potentialAction":[{"@type":"SearchAction","target":{"@type":"EntryPoint","urlTemplate":"https:\/\/www.cvso.fr\/?s={search_term_string}"},"query-input":{"@type":"PropertyValueSpecification","valueRequired":true,"valueName":"search_term_string"}}],"inLanguage":"fr-FR"}]}},"_links":{"self":[{"href":"https:\/\/www.cvso.fr\/index.php?rest_route=\/wp\/v2\/pages\/825","targetHints":{"allow":["GET"]}}],"collection":[{"href":"https:\/\/www.cvso.fr\/index.php?rest_route=\/wp\/v2\/pages"}],"about":[{"href":"https:\/\/www.cvso.fr\/index.php?rest_route=\/wp\/v2\/types\/page"}],"author":[{"embeddable":true,"href":"https:\/\/www.cvso.fr\/index.php?rest_route=\/wp\/v2\/users\/1"}],"replies":[{"embeddable":true,"href":"https:\/\/www.cvso.fr\/index.php?rest_route=%2Fwp%2Fv2%2Fcomments&post=825"}],"version-history":[{"count":0,"href":"https:\/\/www.cvso.fr\/index.php?rest_route=\/wp\/v2\/pages\/825\/revisions"}],"wp:attachment":[{"href":"https:\/\/www.cvso.fr\/index.php?rest_route=%2Fwp%2Fv2%2Fmedia&parent=825"}],"curies":[{"name":"wp","href":"https:\/\/api.w.org\/{rel}","templated":true}]}}